{"id":40,"date":"2025-06-26T19:38:06","date_gmt":"2025-06-26T19:38:06","guid":{"rendered":"https:\/\/popupartesania.es\/?page_id=40"},"modified":"2025-10-02T10:47:05","modified_gmt":"2025-10-02T10:47:05","slug":"nuestros-artesanos","status":"publish","type":"page","link":"https:\/\/popupartesania.es\/index.php\/nuestros-artesanos\/","title":{"rendered":"Nuestros Artesanos"},"content":{"rendered":"\n<p>Trabajamos con numerosos artesanos de la regi\u00f3n de Murcia. Tambi\u00e9n colaboramos con asociaciones y empresas que buscan marcar la diferencia en el mundo, como Tecum y muchas m\u00e1s.<\/p>\n\n\n\n<figure class=\"wp-block-gallery has-nested-images columns-default is-cropped wp-block-gallery-1 is-layout-flex wp-block-gallery-is-layout-flex\">\n<figure class=\"wp-block-image size-large\"><img loading=\"lazy\" decoding=\"async\" width=\"1024\" height=\"768\" data-id=\"41\" src=\"https:\/\/popupartesania.es\/wp-content\/uploads\/2025\/06\/2025-Limonciana-popupweb1-1024x768.jpg\" alt=\"\" class=\"wp-image-41\" srcset=\"https:\/\/popupartesania.es\/wp-content\/uploads\/2025\/06\/2025-Limonciana-popupweb1-1024x768.jpg 1024w, https:\/\/popupartesania.es\/wp-content\/uploads\/2025\/06\/2025-Limonciana-popupweb1-300x225.jpg 300w, https:\/\/popupartesania.es\/wp-content\/uploads\/2025\/06\/2025-Limonciana-popupweb1-768x576.jpg 768w, https:\/\/popupartesania.es\/wp-content\/uploads\/2025\/06\/2025-Limonciana-popupweb1-1536x1152.jpg 1536w, https:\/\/popupartesania.es\/wp-content\/uploads\/2025\/06\/2025-Limonciana-popupweb1-2048x1536.jpg 2048w\" sizes=\"auto, (max-width: 767px) 89vw, (max-width: 1000px) 54vw, (max-width: 1071px) 543px, 580px\" \/><\/figure>\n\n\n\n<figure class=\"wp-block-image size-large\"><img loading=\"lazy\" decoding=\"async\" width=\"1024\" height=\"768\" data-id=\"39\" src=\"https:\/\/popupartesania.es\/wp-content\/uploads\/2025\/06\/2025-Limonciana-popupweb-1024x768.jpg\" alt=\"\" class=\"wp-image-39\" srcset=\"https:\/\/popupartesania.es\/wp-content\/uploads\/2025\/06\/2025-Limonciana-popupweb-1024x768.jpg 1024w, https:\/\/popupartesania.es\/wp-content\/uploads\/2025\/06\/2025-Limonciana-popupweb-300x225.jpg 300w, https:\/\/popupartesania.es\/wp-content\/uploads\/2025\/06\/2025-Limonciana-popupweb-768x576.jpg 768w, https:\/\/popupartesania.es\/wp-content\/uploads\/2025\/06\/2025-Limonciana-popupweb-1536x1152.jpg 1536w, https:\/\/popupartesania.es\/wp-content\/uploads\/2025\/06\/2025-Limonciana-popupweb-2048x1536.jpg 2048w\" sizes=\"auto, (max-width: 767px) 89vw, (max-width: 1000px) 54vw, (max-width: 1071px) 543px, 580px\" \/><\/figure>\n\n\n\n<figure class=\"wp-block-image size-large\"><img loading=\"lazy\" decoding=\"async\" width=\"1024\" height=\"614\" data-id=\"16\" src=\"https:\/\/popupartesania.es\/wp-content\/uploads\/2025\/06\/cropped-2025-Limonciana-sanjuan100-scaled-1-1024x614.jpg\" alt=\"\" class=\"wp-image-16\" srcset=\"https:\/\/popupartesania.es\/wp-content\/uploads\/2025\/06\/cropped-2025-Limonciana-sanjuan100-scaled-1-1024x614.jpg 1024w, https:\/\/popupartesania.es\/wp-content\/uploads\/2025\/06\/cropped-2025-Limonciana-sanjuan100-scaled-1-300x180.jpg 300w, https:\/\/popupartesania.es\/wp-content\/uploads\/2025\/06\/cropped-2025-Limonciana-sanjuan100-scaled-1-768x461.jpg 768w, https:\/\/popupartesania.es\/wp-content\/uploads\/2025\/06\/cropped-2025-Limonciana-sanjuan100-scaled-1-1536x922.jpg 1536w, https:\/\/popupartesania.es\/wp-content\/uploads\/2025\/06\/cropped-2025-Limonciana-sanjuan100-scaled-1.jpg 2000w\" sizes=\"auto, (max-width: 767px) 89vw, (max-width: 1000px) 54vw, (max-width: 1071px) 543px, 580px\" \/><\/figure>\n<\/figure>\n","protected":false},"excerpt":{"rendered":"<p>Trabajamos con numerosos artesanos de la regi\u00f3n de Murcia. Tambi\u00e9n colaboramos con asociaciones y empresas que buscan marcar la diferencia en el mundo, como Tecum y muchas m\u00e1s.<\/p>\n","protected":false},"author":1,"featured_media":41,"parent":0,"menu_order":0,"comment_status":"closed","ping_status":"closed","template":"","meta":{"footnotes":""},"class_list":["post-40","page","type-page","status-publish","has-post-thumbnail","hentry"],"_links":{"self":[{"href":"https:\/\/popupartesania.es\/index.php\/wp-json\/wp\/v2\/pages\/40","targetHints":{"allow":["GET"]}}],"collection":[{"href":"https:\/\/popupartesania.es\/index.php\/wp-json\/wp\/v2\/pages"}],"about":[{"href":"https:\/\/popupartesania.es\/index.php\/wp-json\/wp\/v2\/types\/page"}],"author":[{"embeddable":true,"href":"https:\/\/popupartesania.es\/index.php\/wp-json\/wp\/v2\/users\/1"}],"replies":[{"embeddable":true,"href":"https:\/\/popupartesania.es\/index.php\/wp-json\/wp\/v2\/comments?post=40"}],"version-history":[{"count":2,"href":"https:\/\/popupartesania.es\/index.php\/wp-json\/wp\/v2\/pages\/40\/revisions"}],"predecessor-version":[{"id":60,"href":"https:\/\/popupartesania.es\/index.php\/wp-json\/wp\/v2\/pages\/40\/revisions\/60"}],"wp:featuredmedia":[{"embeddable":true,"href":"https:\/\/popupartesania.es\/index.php\/wp-json\/wp\/v2\/media\/41"}],"wp:attachment":[{"href":"https:\/\/popupartesania.es\/index.php\/wp-json\/wp\/v2\/media?parent=40"}],"curies":[{"name":"wp","href":"https:\/\/api.w.org\/{rel}","templated":true}]}}